{"id":197,"date":"2024-04-13T17:14:37","date_gmt":"2024-04-13T17:14:37","guid":{"rendered":"https:\/\/elbienique.cl\/web\/?page_id=197"},"modified":"2025-03-14T13:00:26","modified_gmt":"2025-03-14T16:00:26","slug":"jardin-infantil","status":"publish","type":"page","link":"https:\/\/elbienique.cl\/web\/index.php\/jardin-infantil\/","title":{"rendered":"Jard\u00edn Infantil"},"content":{"rendered":"<p>[et_pb_section fb_built=\u00bb1&#8243; admin_label=\u00bbHeader\u00bb _builder_version=\u00bb4.22.0&#8243; _module_preset=\u00bbdefault\u00bb background_color=\u00bbgcid-610d28dd-eb23-4fae-b502-62f0b357c8fd\u00bb da_disable_devices=\u00bboff|off|off\u00bb locked=\u00bboff\u00bb collapsed=\u00bbon\u00bb global_colors_info=\u00bb{%22gcid-610d28dd-eb23-4fae-b502-62f0b357c8fd%22:%91%22background_color%22%93}\u00bb da_is_popup=\u00bboff\u00bb da_exit_intent=\u00bboff\u00bb da_has_close=\u00bbon\u00bb da_alt_close=\u00bboff\u00bb da_dark_close=\u00bboff\u00bb da_not_modal=\u00bbon\u00bb da_is_singular=\u00bboff\u00bb da_with_loader=\u00bboff\u00bb da_has_shadow=\u00bbon\u00bb][et_pb_row column_structure=\u00bb2_3,1_3&#8243; _builder_version=\u00bb4.24.2&#8243; _module_preset=\u00bbdefault\u00bb max_width=\u00bb1280px\u00bb global_colors_info=\u00bb{}\u00bb][et_pb_column type=\u00bb2_3&#8243; _builder_version=\u00bb4.22.0&#8243; _module_preset=\u00bbdefault\u00bb global_colors_info=\u00bb{}\u00bb][et_pb_text _builder_version=\u00bb4.21.0&#8243; _module_preset=\u00bb6e00e872-765f-45aa-b364-a05f0b9263b6&#8243; header_font_size=\u00bb72px\u00bb custom_margin=\u00bb||10px||false|false\u00bb global_colors_info=\u00bb{}\u00bb]<\/p>\n<h1>Jard\u00edn Infantil<\/h1>\n<p>[\/et_pb_text][et_pb_text _builder_version=\u00bb4.21.0&#8243; _module_preset=\u00bb5806b3dd-3e7b-4621-9411-47882f5477fc\u00bb global_colors_info=\u00bb{}\u00bb]<\/p>\n<p>En nuestro jard\u00edn infantil, nos dedicamos a brindar un ambiente seguro, estimulante y educativo para los m\u00e1s peque\u00f1os de la comunidad naval. Nuestro equipo de educadores y cuidadores trabaja con pasi\u00f3n y dedicaci\u00f3n para promover el desarrollo integral de los ni\u00f1os, ofreciendo actividades l\u00fadicas, pedag\u00f3gicas y recreativas que potencian sus habilidades cognitivas, sociales y emocionales. Con un enfoque centrado en el juego y el aprendizaje activo, nuestro jard\u00edn infantil es un espacio donde los ni\u00f1os pueden crecer, explorar y aprender de manera divertida y significativa.<\/p>\n<p>[\/et_pb_text][et_pb_video src=\u00bbhttps:\/\/elbienique.cl\/web\/wp-content\/uploads\/2024\/04\/jardin_infantil_1.mp4&#8243; _builder_version=\u00bb4.21.0&#8243; _module_preset=\u00bbdefault\u00bb border_radii=\u00bbon|10px|10px|10px|10px\u00bb locked=\u00bboff\u00bb global_colors_info=\u00bb{}\u00bb][\/et_pb_video][\/et_pb_column][et_pb_column type=\u00bb1_3&#8243; _builder_version=\u00bb4.22.0&#8243; _module_preset=\u00bbdefault\u00bb background_color=\u00bb#FFFFFF\u00bb custom_padding=\u00bb30px|30px|30px|30px|true|true\u00bb custom_padding_tablet=\u00bb30px|30px|30px|30px|true|true\u00bb custom_padding_phone=\u00bb20px|20px|20px|20px|true|true\u00bb custom_padding_last_edited=\u00bbon|phone\u00bb border_radii=\u00bbon|10px|10px|10px|10px\u00bb box_shadow_style=\u00bbpreset4&#8243; box_shadow_horizontal=\u00bb0px\u00bb box_shadow_vertical=\u00bb60px\u00bb box_shadow_blur=\u00bb90px\u00bb box_shadow_color=\u00bbrgba(0,0,0,0.08)\u00bb global_colors_info=\u00bb{}\u00bb][et_pb_text _builder_version=\u00bb4.21.0&#8243; _module_preset=\u00bb5d101582-6382-4661-bdea-d17a6db40859&#8243; custom_margin=\u00bb||20px||false|false\u00bb global_colors_info=\u00bb{}\u00bb]<\/p>\n<h3>Personal encargado<\/h3>\n<p>[\/et_pb_text][et_pb_text _builder_version=\u00bb4.21.0&#8243; _module_preset=\u00bbaf00eb7c-921c-4265-b8e2-93f857cf34b4&#8243; custom_margin=\u00bb||0px||false|false\u00bb global_colors_info=\u00bb{}\u00bb]<\/p>\n<h4>Directora<\/h4>\n<p>[\/et_pb_text][et_pb_text _builder_version=\u00bb4.21.0&#8243; _module_preset=\u00bb49dd5432-b997-43a9-8e25-808ab378e45d\u00bb hover_enabled=\u00bb0&#8243; global_colors_info=\u00bb{}\u00bb sticky_enabled=\u00bb0&#8243;]<\/p>\n<ul>\n<li><img loading=\"lazy\" decoding=\"async\" data-src=\"https:\/\/elbienique.cl\/web\/wp-content\/uploads\/2024\/04\/usuario-2-300x300.png\" width=\"15\" height=\"15\" alt=\"\" class=\"wp-image-117 alignnone size-medium lazyload\" src=\"data:image\/gif;base64,R0lGODlhAQABAAAAACH5BAEKAAEALAAAAAABAAEAAAICTAEAOw==\" style=\"--smush-placeholder-width: 15px; --smush-placeholder-aspect-ratio: 15\/15;\" \/><noscript><img loading=\"lazy\" decoding=\"async\" src=\"https:\/\/elbienique.cl\/web\/wp-content\/uploads\/2024\/04\/usuario-2-300x300.png\" width=\"15\" height=\"15\" alt=\"\" class=\"wp-image-117 alignnone size-medium\" \/><\/noscript> EE.CC. Bernarda Ramirez Nur<\/li>\n<li><a href=\"mailto:malcaide@armada.cl\"><img loading=\"lazy\" decoding=\"async\" data-src=\"https:\/\/elbienique.cl\/web\/wp-content\/uploads\/2024\/04\/email-300x300.png\" width=\"15\" height=\"15\" alt=\"\" class=\"wp-image-118 alignnone size-medium lazyload\" src=\"data:image\/gif;base64,R0lGODlhAQABAAAAACH5BAEKAAEALAAAAAABAAEAAAICTAEAOw==\" style=\"--smush-placeholder-width: 15px; --smush-placeholder-aspect-ratio: 15\/15;\" \/><noscript><img loading=\"lazy\" decoding=\"async\" src=\"https:\/\/elbienique.cl\/web\/wp-content\/uploads\/2024\/04\/email-300x300.png\" width=\"15\" height=\"15\" alt=\"\" class=\"wp-image-118 alignnone size-medium\" \/><\/noscript><\/a> pequenosheroes@bienestararmada.cl<\/li>\n<li><img loading=\"lazy\" decoding=\"async\" data-src=\"https:\/\/elbienique.cl\/web\/wp-content\/uploads\/2024\/04\/localizacion-300x300.png\" width=\"15\" height=\"15\" alt=\"\" class=\"wp-image-180 alignnone size-medium lazyload\" src=\"data:image\/gif;base64,R0lGODlhAQABAAAAACH5BAEKAAEALAAAAAABAAEAAAICTAEAOw==\" style=\"--smush-placeholder-width: 15px; --smush-placeholder-aspect-ratio: 15\/15;\" \/><noscript><img loading=\"lazy\" decoding=\"async\" src=\"https:\/\/elbienique.cl\/web\/wp-content\/uploads\/2024\/04\/localizacion-300x300.png\" width=\"15\" height=\"15\" alt=\"\" class=\"wp-image-180 alignnone size-medium\" \/><\/noscript> La Puntilla, sin n\u00famero, interior \u00abPoblaci\u00f3n Marinero Ugarte.<\/li>\n<li><img loading=\"lazy\" decoding=\"async\" data-src=\"https:\/\/elbienique.cl\/web\/wp-content\/uploads\/2024\/04\/telefono-300x300.png\" width=\"15\" height=\"15\" alt=\"\" class=\"wp-image-119 alignnone size-medium lazyload\" src=\"data:image\/gif;base64,R0lGODlhAQABAAAAACH5BAEKAAEALAAAAAABAAEAAAICTAEAOw==\" style=\"--smush-placeholder-width: 15px; --smush-placeholder-aspect-ratio: 15\/15;\" \/><noscript><img loading=\"lazy\" decoding=\"async\" src=\"https:\/\/elbienique.cl\/web\/wp-content\/uploads\/2024\/04\/telefono-300x300.png\" width=\"15\" height=\"15\" alt=\"\" class=\"wp-image-119 alignnone size-medium\" \/><\/noscript> 57-2507487<\/li>\n<li><img loading=\"lazy\" decoding=\"async\" data-src=\"https:\/\/elbienique.cl\/web\/wp-content\/uploads\/2024\/04\/reloj-de-pared-300x300.png\" width=\"15\" height=\"15\" alt=\"\" class=\"wp-image-478 alignnone size-medium lazyload\" src=\"data:image\/gif;base64,R0lGODlhAQABAAAAACH5BAEKAAEALAAAAAABAAEAAAICTAEAOw==\" style=\"--smush-placeholder-width: 15px; --smush-placeholder-aspect-ratio: 15\/15;\" \/><noscript><img loading=\"lazy\" decoding=\"async\" src=\"https:\/\/elbienique.cl\/web\/wp-content\/uploads\/2024\/04\/reloj-de-pared-300x300.png\" width=\"15\" height=\"15\" alt=\"\" class=\"wp-image-478 alignnone size-medium\" \/><\/noscript>\u00a0Horarios de atenci\u00f3n:\n<ul>\n<li><strong>Media Jornada<\/strong> 7:45-12:30<\/li>\n<li><strong>Media Jornada Extendida<\/strong> 7:45-13:30<\/li>\n<li><strong>Jornada Completa<\/strong> 7:45-17:30.<\/li>\n<\/ul>\n<\/li>\n<\/ul>\n<p>[\/et_pb_text][et_pb_text _builder_version=\u00bb4.21.0&#8243; _module_preset=\u00bb5d101582-6382-4661-bdea-d17a6db40859&#8243; custom_margin=\u00bb||10px||false|false\u00bb locked=\u00bboff\u00bb global_colors_info=\u00bb{}\u00bb]<\/p>\n<h3>En pocas palabras<\/h3>\n<p>[\/et_pb_text][et_pb_blurb title=\u00bbDivertida\u00bb use_icon=\u00bbon\u00bb font_icon=\u00bb&#xf580;||fa||400&#8243; _builder_version=\u00bb4.21.0&#8243; _module_preset=\u00bb68586cde-d8f4-40bc-873d-46c3ce254574&#8243; locked=\u00bboff\u00bb global_colors_info=\u00bb{}\u00bb][\/et_pb_blurb][et_pb_blurb title=\u00bbEntretenimiento\u00bb use_icon=\u00bbon\u00bb font_icon=\u00bb&#xf1ae;||fa||900&#8243; _builder_version=\u00bb4.21.0&#8243; _module_preset=\u00bb68586cde-d8f4-40bc-873d-46c3ce254574&#8243; locked=\u00bboff\u00bb global_colors_info=\u00bb{}\u00bb][\/et_pb_blurb][et_pb_blurb title=\u00bbRecreaci\u00f3n\u00bb use_icon=\u00bbon\u00bb font_icon=\u00bb&#xf1e3;||fa||900&#8243; _builder_version=\u00bb4.21.0&#8243; _module_preset=\u00bb68586cde-d8f4-40bc-873d-46c3ce254574&#8243; max_width=\u00bb1280px\u00bb locked=\u00bboff\u00bb global_colors_info=\u00bb{}\u00bb][\/et_pb_blurb][\/et_pb_column][\/et_pb_row][\/et_pb_section][et_pb_section fb_built=\u00bb1&#8243; admin_label=\u00bbCourse Chapters\u00bb _builder_version=\u00bb4.22.0&#8243; _module_preset=\u00bbdefault\u00bb custom_padding=\u00bb||120px|||\u00bb da_disable_devices=\u00bboff|off|off\u00bb collapsed=\u00bbon\u00bb global_colors_info=\u00bb{}\u00bb da_is_popup=\u00bboff\u00bb da_exit_intent=\u00bboff\u00bb da_has_close=\u00bbon\u00bb da_alt_close=\u00bboff\u00bb da_dark_close=\u00bboff\u00bb da_not_modal=\u00bbon\u00bb da_is_singular=\u00bboff\u00bb da_with_loader=\u00bboff\u00bb da_has_shadow=\u00bbon\u00bb][et_pb_row _builder_version=\u00bb4.22.0&#8243; _module_preset=\u00bbdefault\u00bb max_width=\u00bb1280px\u00bb global_colors_info=\u00bb{}\u00bb][et_pb_column type=\u00bb4_4&#8243; _builder_version=\u00bb4.22.0&#8243; _module_preset=\u00bbdefault\u00bb global_colors_info=\u00bb{}\u00bb][et_pb_text _builder_version=\u00bb4.21.0&#8243; _module_preset=\u00bb5d101582-6382-4661-bdea-d17a6db40859&#8243; custom_margin=\u00bb||10px||false|false\u00bb locked=\u00bboff\u00bb global_colors_info=\u00bb{}\u00bb]<\/p>\n<h3>Preguntas frecuentes<\/h3>\n<p>[\/et_pb_text][et_pb_accordion _builder_version=\u00bb4.21.0&#8243; _module_preset=\u00bbac869ae3-7701-478a-905b-8a20a033a142&#8243; locked=\u00bboff\u00bb global_colors_info=\u00bb{}\u00bb][et_pb_accordion_item title=\u00bb\u00bfCu\u00e1les son los horarios de atenci\u00f3n del \u00e1rea recreativa?\u00bb open=\u00bbon\u00bb _builder_version=\u00bb4.21.0&#8243; _module_preset=\u00bbdefault\u00bb global_colors_info=\u00bb{}\u00bb]<\/p>\n<p>Nuestros horarios de atenci\u00f3n var\u00edan seg\u00fan la temporada. Puedes consultarlos en nuestra p\u00e1gina web o contactarnos directamente para m\u00e1s detalles.<\/p>\n<p>[\/et_pb_accordion_item][et_pb_accordion_item title=\u00bb\u00bfQu\u00e9 actividades recreativas ofrecen para ni\u00f1os y adultos?\u00bb _builder_version=\u00bb4.21.0&#8243; _module_preset=\u00bbdefault\u00bb global_colors_info=\u00bb{}\u00bb open=\u00bboff\u00bb]<\/p>\n<p>Ofrecemos una amplia variedad de actividades recreativas para toda la familia, que incluyen piscinas, juegos acu\u00e1ticos, \u00e1reas verdes para picnic, canchas deportivas y mucho m\u00e1s.<\/p>\n<p>[\/et_pb_accordion_item][et_pb_accordion_item title=\u00bb\u00bfSe requiere reservaci\u00f3n para participar en las actividades recreativas?\u00bb _builder_version=\u00bb4.21.0&#8243; _module_preset=\u00bbdefault\u00bb global_colors_info=\u00bb{}\u00bb open=\u00bboff\u00bb]<\/p>\n<p>Algunas actividades pueden requerir reservaci\u00f3n, especialmente durante los per\u00edodos de mayor demanda. Te recomendamos que nos contactes con anticipaci\u00f3n para asegurar tu lugar.<\/p>\n<p>[\/et_pb_accordion_item][et_pb_accordion_item title=\u00bb\u00bfCu\u00e1les son las medidas de seguridad que implementan en el \u00e1rea recreativa?\u00bb _builder_version=\u00bb4.21.0&#8243; _module_preset=\u00bbdefault\u00bb global_colors_info=\u00bb{}\u00bb open=\u00bboff\u00bb]<\/p>\n<p>Priorizamos la seguridad de nuestros visitantes. Contamos con personal capacitado, se\u00f1alizaci\u00f3n clara, equipos de emergencia y mantenimiento regular para garantizar un entorno seguro y divertido para todos.<\/p>\n<p>[\/et_pb_accordion_item][\/et_pb_accordion][\/et_pb_column][\/et_pb_row][\/et_pb_section]<\/p>\n","protected":false},"excerpt":{"rendered":"<p>Jard\u00edn InfantilEn nuestro jard\u00edn infantil, nos dedicamos a brindar un ambiente seguro, estimulante y educativo para los m\u00e1s peque\u00f1os de la comunidad naval. Nuestro equipo de educadores y cuidadores trabaja con pasi\u00f3n y dedicaci\u00f3n para promover el desarrollo integral de los ni\u00f1os, ofreciendo actividades l\u00fadicas, pedag\u00f3gicas y recreativas que potencian sus habilidades cognitivas, sociales y [&hellip;]<\/p>\n","protected":false},"author":1,"featured_media":0,"parent":0,"menu_order":0,"comment_status":"closed","ping_status":"closed","template":"","meta":{"_et_pb_use_builder":"on","_et_pb_old_content":"","_et_gb_content_width":"","footnotes":""},"class_list":["post-197","page","type-page","status-publish","hentry"],"_links":{"self":[{"href":"https:\/\/elbienique.cl\/web\/index.php\/wp-json\/wp\/v2\/pages\/197","targetHints":{"allow":["GET"]}}],"collection":[{"href":"https:\/\/elbienique.cl\/web\/index.php\/wp-json\/wp\/v2\/pages"}],"about":[{"href":"https:\/\/elbienique.cl\/web\/index.php\/wp-json\/wp\/v2\/types\/page"}],"author":[{"embeddable":true,"href":"https:\/\/elbienique.cl\/web\/index.php\/wp-json\/wp\/v2\/users\/1"}],"replies":[{"embeddable":true,"href":"https:\/\/elbienique.cl\/web\/index.php\/wp-json\/wp\/v2\/comments?post=197"}],"version-history":[{"count":9,"href":"https:\/\/elbienique.cl\/web\/index.php\/wp-json\/wp\/v2\/pages\/197\/revisions"}],"predecessor-version":[{"id":589,"href":"https:\/\/elbienique.cl\/web\/index.php\/wp-json\/wp\/v2\/pages\/197\/revisions\/589"}],"wp:attachment":[{"href":"https:\/\/elbienique.cl\/web\/index.php\/wp-json\/wp\/v2\/media?parent=197"}],"curies":[{"name":"wp","href":"https:\/\/api.w.org\/{rel}","templated":true}]}}